se
Is 262207117 a prime number?
False
Is 1170812239 a composite number?
False
Is 5121568513 a prime number?
True
Is 20076484093 prime?
False
Is 7453585801 prime?
True
Is 2337403837 a composite number?
True
Is 83305328783 composite?
False
Is 7900372801 a composite number?
True
Is 665344739 prime?
True
Is 27228029 a composite number?
False
Is 84050703721 prime?
False
Is 43398961 composite?
False
Is 1617345823 prime?
False
Is 2282787291 a prime number?
False
Is 10181406133 a prime number?
False
Is 125691271 a prime number?
False
Is 139072907 a composite number?
False
Is 10844221337 composite?
True
Is 1470734659 prime?
True
Is 298840471 prime?
False
Is 1168132013 prime?
True
Is 1044292213 prime?
True
Is 23963665441 a composite number?
True
Is 39720013381 composite?
True
Is 44843842591 prime?
True
Is 97540692871 a prime number?
True
Is 5293048889 a prime number?
False
Is 25175629021 a prime number?
True
Is 8568789209 prime?
False
Is 799431865 a prime number?
False
Is 120818389565 a prime number?
False
Is 2156298169 composite?
False
Is 12430090669 composite?
False
Is 3950129501 a composite number?
True
Is 65901984581 a prime number?
True
Is 220439587 a prime number?
True
Is 83153311 a prime number?
True
Is 45634817171 composite?
True
Is 635816641 composite?
True
Is 42298451801 a prime number?
True
Is 398720423 prime?
True
Is 6750339157 a prime number?
False
Is 1232550955 composite?
True
Is 46165135697 a composite number?
False
Is 1863373517 prime?
True
Is 17953936769 prime?
True
Is 605921291 a composite number?
False
Is 13736070937 a composite number?
False
Is 174962913841 a composite number?
False
Is 1266758963 a prime number?
False
Is 7671391339 prime?
False
Is 1026255709 a prime number?
False
Is 646359949 composite?
True
Is 6198566174 prime?
False
Is 4910148161 a composite number?
False
Is 10650448339 a composite number?
False
Is 4283869043 composite?
False
Is 1348384165 prime?
False
Is 52279176949 a composite number?
False
Is 39546312371 prime?
False
Is 3264573167 composite?
False
Is 19201094021 a composite number?
False
Is 170234242 a prime number?
False
Is 224025440891 prime?
False
Is 94083081 composite?
True
Is 131600021177 prime?
True
Is 1558987559 a composite number?
True
Is 142261560547 a prime number?
False
Is 4296855118 a prime number?
False
Is 308587381 composite?
False
Is 282607271 a prime number?
True
Is 2087225993 prime?
False
Is 32160971497 composite?
False
Is 10653689987 a composite number?
True
Is 8192453123 composite?
True
Is 150271383 a composite number?
True
Is 4917751723 a composite number?
False
Is 2079981109 composite?
False
Is 29515094179 a prime number?
True
Is 166734353 prime?
True
Is 20558702431 composite?
True
Is 380621107 a composite number?
False
Is 172093630711 a composite number?
False
Is 286900519 a prime number?
True
Is 2057875445 prime?
False
Is 4038879353 composite?
True
Is 5775095801 composite?
True
Is 2731888447 prime?
True
Is 1408573667 prime?
True
Is 2266352421 composite?
True
Is 96736463719 composite?
True
Is 476528981 prime?
False
Is 16399255231 a composite number?
True
Is 32689093273 a composite number?
False
Is 6566178781 composite?
False
Is 3392194343 a composite number?
False
Is 508014503 prime?
True
Is 96016777 a composite number?
True
Is 5141786203 a composite number?
False
Is 194997813665 a composite number?
True
Is 45950558411 a prime number?
False
Is 156672423533 a prime number?
True
Is 3411137881 composite?
False
Is 2045836501 prime?
True
Is 5464135727 composite?
False
Is 14362912045 a prime number?
False
Is 106181819 a composite number?
False
Is 1983921517 composite?
True
Is 27605489869 prime?
True
Is 3696189337 prime?
True
Is 23924867 a composite number?
True
Is 832494469 a composite number?
False
Is 5740358333 composite?
True
Is 3592778617 composite?
False
Is 469807997 a prime number?
True
Is 696369533 a composite number?
False
Is 2380976957 prime?
False
Is 2766615983 composite?
False
Is 171593203 a prime number?
False
Is 541607153 prime?
True
Is 190045067 a composite number?
True
Is 220092846235 prime?
False
Is 31139191319 prime?
True
Is 21974441701 composite?
True
Is 127252526773 a composite number?
False
Is 3108030923 prime?
False
Is 2256343147 a composite number?
True
Is 499263799 a prime number?
True
Is 112255544263 a prime number?
True
Is 698358543 a prime number?
False
Is 13828647901 a composite number?
True
Is 32120362 a prime number?
False
Is 184208217 composite?
True
Is 3666824839 a composite number?
True
Is 197641718189 a composite number?
False
Is 106260499417 a composite number?
False
Is 333987481 a composite number?
False
Is 31265933059 a composite number?
False
Is 54183450827 a prime number?
False
Is 1282106789 a composite number?
False
Is 2419018091 composite?
True
Is 116601491 a composite number?
False
Is 601337867 prime?
False
Is 355617827 a prime number?
False
Is 19689589963 prime?
False
Is 37660328113 a composite number?
False
Is 57644731 a composite number?
False
Is 9334916093 a composite number?
True
Is 7382975233 prime?
False
Is 12322205029 prime?
True
Is 16260352621 prime?
False
Is 112309807 a composite number?
True
Is 4389098167 a composite number?
False
Is 2966009339 composite?
False
Is 1020425099 a prime number?
True
Is 55194487823 prime?
True
Is 722703503 a composite number?
False
Is 35198846 a composite number?
True
Is 19563228859 composite?
False
Is 108290145397 prime?
False
Is 10815706567 prime?
True
Is 8269654901 composite?
False
Is 213831931 a prime number?
True
Is 186560081 a composite number?
True
Is 685493899 prime?
True
Is 212399839 a composite number?
False
Is 14241527369 composite?
True
Is 6688001269 a composite number?
False
Is 994192807 a composite number?
True
Is 2183016551 a composite number?
True
Is 3215570389 prime?
False
Is 2160530045 prime?
False
Is 858459587 a prime number?
True
Is 2468918701 composite?
False
Is 3140788039 composite?
False
Is 2094810643 prime?
True
Is 511435147 composite?
False
Is 612594805 a composite number?
True
Is 2756255153 prime?
False
Is 1493226983 prime?
False
Is 19215841751 prime?
True
Is 21398549543 prime?
False
Is 40148964551 composite?
False
Is 15625264913 composite?
False
Is 5427220919 a prime number?
True
Is 20725069 a prime number?
False
Is 8621515939 a composite number?
False
Is 877277411 composite?
False
Is 4229898083 a prime number?
True
Is 100822922911 composite?
True
Is 387530579 prime?
True
Is 1081153439 a prime number?
True
Is 598916093 a prime number?
True
Is 105916319213 a composite number?
False
Is 311065607 a prime number?
True
Is 4562483077 prime?
True
Is 101351311 a composite number?
True
Is 1639886777 composite?
True
Is 62458742726 prime?
False
Is 56826673901 prime?
False
Is 620733823 prime?
False
Is 7908681423 composite?
True
Is 18673093 composite?
False
Is 14951606707 composite?
False
Is 17493408503 composite?
True
Is 13636521701 composite?
True
Is 2735959647 prime?
False
Is 44735297899 a composite number?
True
Is 6394477861 a prime number?
True
Is 5040992857 a prime number?
True
Is 291662773 a composite number?
True
Is 3121620967 a composite number?
False
Is 76397101483 prime?
True
Is 1607214803 a composite number?
False
Is 64749644594 prime?
False
Is 3602828263 composite?
True
Is 6975500393 a composite number?
False
Is 858607481 a prime number?
True
Is 65665811 composite?
False
Is 3248935843 a composite number?
True
Is 59275328093 a prime number?
True
Is 4408925831 a prime number?
False
Is 3512917453 prime?
True
Is 2750873659 a prime number?
False
Is 17579638465 prime?
False
Is 331700633 a composite number?
True
Is 1178994211 a prime number?
True
Is 1359129859 a composite number?
False
Is 3072635549 prime?
True
Is 4018383289 composite?
True
Is 681086495 prime?
False
Is 51638632939 prime?
False
Is 3252391321 composite?
True
Is 839966051 composite?
False
Is 33730708499 a composite number?
True
Is 2847288937 prime?
True
Is 15240151471 prime?
True
Is 7656634145 a prime number?
False
Is 51529578013 a prime number?
False
Is 83295707 prime?
False
Is 746940193 a composite number?
True
Is 830810657 a composite number?
False
Is 14536119487 a prime number?
True
Is 3059355883 composite?
False
Is 717484717 a composite number?
False
Is 95903330701 composite?
False
Is 1766601701 a prime number?
True
Is 3636